p/8)/((-7)/(-28))?
5, 13
Suppose 0 = -68*n + 67*n + 220. What are the prime factors of n?
2, 5, 11
What are the prime factors of 2144/(-6)*(-129)/86?
2, 67
Let w = 7 - 5. Let z(u) = -u**2 - 4*u + w*u - 3 + u + 9. List the prime factors of z(0).
2, 3
Let b be -2 + ((-12)/(-4))/3. Let p be 31 - ((-3)/(-3) - b). Let d = p + -4. What are the prime factors of d?
5
Let w be (-2 + -1)*(-6)/6. Let l(k) = -3 - 4*k + 8*k**2 + 59*k**3 - 60*k**w - 2. What are the prime factors of l(6)?
43
Suppose 2*u - k - 465 = 0, 5*u = 6*u - 2*k - 240. List the prime factors of u.
2, 5, 23
Let d be ((-54)/(-9))/(2/5). Let n = d - -5. What are the prime factors of n?
2, 5
Suppose 11*j - 13*j = -22. Let u = j + 31. What are the prime factors of u?
2, 3, 7
Suppose -x + 43 = 4*m - 73, -273 = -3*x + 3*m. Suppose -p - 49 = 3*d - 0, d - 196 = 4*p. Let q = p + x. What are the prime factors of q?
47
Suppose 5*n - 6 = 9. Suppose -4*y + 39 = w - 9, -5*w + n*y = -309. What are the prime factors of w?
2, 3, 5
Suppose g - 315 = -4*a, 7*a = 4*g + 6*a - 1311. List the prime factors of g.
3, 109
Let i(g) = 5*g**2 - 16*g - 73. List the prime factors of i(-6).
7, 29
Let n(f) = 1. Suppose -2 = -2*z - 6. Let k(h) = h + 9. Let b(g) = z*n(g) + k(g). What are the prime factors of b(7)?
2, 7
Let s(u) = -u + 16. Let i be s(14). Let z = i + -12. Let n = 4 - z. List the prime factors of n.
2, 7
Let s(t) = 16*t**3 - 2*t**2 + 5*t - 6. Let z be s(2). Let i = z - 9. What are the prime factors of i?
5, 23
What are the prime factors of (-216)/972 + 10235/9?
3, 379
Let k = 13 - 21. Let g be (3 + k - -1)/(-2). Suppose -g*m - 8 = -4*m. List the prime factors of m.
2
Suppose -591*p = -589*p - 3170. List the prime factors of p.
5, 317
Let h = 3196 + -2249. List the prime factors of h.
947
Let k be (8/(-10))/((-6)/(-30)). Let s = 7 + -2. What are the prime factors of 4 + k + -2 + s?
3
Let p = -1817 - -3917. List the prime factors of p.
2, 3, 5, 7
Let w(i) = -225*i + 22. List the prime factors of w(-3).
17, 41
Let o(z) = -2*z - 18. Let j be o(-5). Let k(w) = w**2 + 11*w + 27. List the prime factors of k(j).
3
List the prime factors of (-1317 - 5)/(5*8/(-40)).
2, 661
Let q(l) = l**2 - 6*l - 5. Let c be q(7). Let t = 35 + c. List the prime factors of t.
37
Suppose -2*f = -4*j + 110, 0 = -5*j - 2*f + 138 + 22. Let l be ((-4)/(-10))/((-3)/j). What are the prime factors of -6*4*l/8?
2, 3
Let o(s) = -2*s - 26. Let x be o(18). Let t = 90 - x. What are the prime factors of t?
2, 19
Let x(a) be the first derivative of -a**2/2 + 15*a - 5. Let i be x(12). Suppose 0 = i*r - 0*l - 4*l - 47, -5*r - 3*l = -117. List the prime factors of r.
3, 7
Suppose -x - 15 = 4*x. Let n be 4/x*(-9)/3. Suppose -n*a + 19 = -5. List the prime factors of a.
2, 3
Suppose 2*j - 6 = -0. Suppose 5*q - 51 = y + 76, -61 = -2*q - j*y. What are the prime factors of q?
2, 13
Suppose 0 = -8*w + 6*w + 578. List the prime factors of w.
17
Suppose 0*r - 4*r - 926 = -2*w, -5*r + 926 = 2*w. What are the prime factors of w?
463
Suppose 0 = 11*b - 8*b - 12. Suppose 2*x + 162 - 50 = -b*y, y - 233 = 4*x. Let h = 95 + x. List the prime factors of h.
37
Suppose 0 = 9*y - 8*y + k - 521, 4*y - 2084 = -2*k. List the prime factors of y.
521
Let u(r) = -r - 4. Let j be u(-6). Let d be ((-3 - -1) + j)/(-2). Suppose 3*i = 2*k + 15, i - k - 4 = -d*k. List the prime factors of i.
7
Suppose -2*o - 804 = -4*o + 5*u, 3*u = -12. Let k = o + -202. Suppose 0 = -4*p - 5*q + 152, -3*p - k = -8*p + 3*q. List the prime factors of p.
2, 19
Let f(i) = -i - 197. Let q(j) = -5*j - 986. Let a(v) = -11*f(v) + 2*q(v). List the prime factors of a(0).
3, 5, 13
Let o be (-3)/((-6)/70) - -1. Suppose 0 = -f - 12 + 31. Let k = o - f. List the prime factors of k.
17
Let j = -18 - -33. Suppose j = -q - 0*q. What are the prime factors of 4/4 + (0 - q)?
2
Let b be (-8)/28 - 14714/(-49). Suppose -3 - b = -3*t. What are the prime factors of t?
101
Let i = 154 + -155. Let y(f) = 0 - 8*f + 2 - 4. What are the prime factors of y(i)?
2, 3
Suppose -18756 = -138*t + 129*t. What are the prime factors of t?
2, 521
Suppose 0 = 4*u + u - 205. Let x = u + -16. Suppose -c + 2*c = x. What are the prime factors of c?
5
Let p = -564 - -1033. What are the prime factors of p?
7, 67
Suppose 0 = -2*x + t + 877, -5*x + 4*t + 788 = -1403. List the prime factors of x.
439
Let c(f) = f + 5. Let k be c(-7). Let b be k*-4*2/(-4). Let n = 20 + b. List the prime factors of n.
2
Let r(p) = 5*p. Let h be r(5). Suppose -153 + h = -f. What are the prime factors of f?
2
Suppose -3*a + 4*a = 5*p - 103, -2*a - p = 162. Let s = -8 - a. Suppose -3*t = -0*t - s. List the prime factors of t.
5
Suppose 6*y + 364 = 20*y. What are the prime factors of y?
2, 13
Suppose 0 = -0*b + 2*b - 6. Suppose b*f - 90 + 3 = 0. Suppose 3*n = y - 3*y + f, n = y - 17. What are the prime factors of y?
2
Suppose -545 - 99 = -14*f. List the prime factors of f.
2, 23
Suppose 6*z = z - n + 2600, -1560 = -3*z + n. What are the prime factors of z?
2, 5, 13
Let o(s) = s**2 - 4*s - 8. Let t be o(6). Suppose 0 = t*i - 8*i + 380. What are the prime factors of i?
5, 19
Let m(c) = -c**3 - 7*c**2 - 5*c - 7. Let h be m(-6). Let y(f) = -2*f - 24. List the prime factors of y(h).
2
Let y(x) = -x**3 - 5*x**2 - 2*x + 2. Let f be y(-4). Let d(j) = j**3 + 7*j**2 + 6*j. Let h be d(f). Suppose h*m - 36 = -2*m. List the prime factors of m.
2, 3
Let i(p) = p**3 + 4*p**2 - 3. Let w be i(-5). Suppose -117 = -5*f + 88. Let u = f + w. List the prime factors of u.
13
Let v = 33 - 26. List the prime factors of (2 - v)/((-8)/88).
5, 11
List the prime factors of (-12 + 18 - -96)*29/2.
3, 17, 29
Suppose 6*m + 0*m = 18. Suppose -3*n + 11 = m*y + 2*n, -5*y + 11 = n. Suppose v - y*b - 78 = -v, 136 = 4*v + b. List the prime factors of v.
5, 7
List the prime factors of -1 + -89*(-2 - 18).
3, 593
Suppose -5*m - p = -0*m + 30, -3*m + p - 26 = 0. Let z = 19 - m. What are the prime factors of z?
2, 13
List the prime factors of 25/(100/4224) - -3.
3, 353
Let q be (-11)/(132/(-320)) + (-4)/(-12). Suppose 23 - 3 = 5*w. Suppose p - w*p = -q. What are the prime factors of p?
3
Let k = -32 + 23. Let l = 13 + k. Suppose -3*y + 173 = l*p, 0*p - 2*p - 106 = -2*y. List the prime factors of y.
5, 11
Suppose -2*h - 736 - 2279 = -5*d, 0 = 4*d + h - 2425. List the prime factors of d.
5, 11
Suppose 12*n - 2045 - 2875 = 0. Let i = -216 + n. What are the prime factors of i?
2, 97
Suppose h = -5*m + 9*m - 18, 4*h - 18 = -2*m. Let q(r) = 2*r. Let d be q(-3). List the prime factors of (-20 - 0)/(h/d).
2, 3, 5
What are the prime factors of ((-6)/4)/(108/(-7488))?
2, 13
List the prime factors of (786/7)/(21/98).
2, 131
Let w = 12 + 107. What are the prime factors of w?
7, 17
List the prime factors of 4751 - -18 - (11 - -1).
67, 71
Suppose 114*t + 306 = 117*t. What are the prime factors of t?
2, 3, 17
Suppose 4*x - 18 = 3*x. Suppose x = l + 124. List the prime factors of l/(-10) + 12/(-20).
2, 5
Let j = -2491 + 3764. List the prime factors of j.
19, 67
Let d(y) = 21*y + 26. Let x be d(8). Suppose -2*r - x = -2*z, 0 = -4*z + r + 384 - 2. List the prime factors of z.
5, 19
Let u be -1 + (-12)/(1 + -4). Suppose 3*t + u*k = -k + 223, -4*t - 4*k = -296. What are the prime factors of t?
73
Let m = -56 - -64. What are the prime factors of m?
2
Let m(g) = g**2 - 13*g + 14. Let t be (1 + -4 - 0) + 16. List the prime factors of m(t).
2, 7
Let f = 123 + 55. Let l = 255 - f. What are the prime factors of l?
7, 11
Suppose 0 = 3*i - 2*i + 2. Suppose 3*g = m + 31, 11*g = 9*g. List the prime factors of (-5 - -2) + (i - m).
2, 13
Let m be ((-100)/(-15) + -4)*-3. List the prime factors of (46/m)/(2/(-56)).
7, 23
Let p = 1859 + -1041. What are the prime factors of p?
2, 409
Let d(w) = -w**3 + 42*w**2 - 66*w + 25. What are the prime factors of d(40)?
3, 5, 13
Let t(q) = -q**3 + 9*q + 86 + 0*q**3 + 6*q**2 - 94. List the prime factors of t(6).
2, 23
Let u = -10 + -8. Let s = -29 + u. List the prime factors of (-1)/2*(-1 + s).
2, 3
Suppose 20562 = -28*s + 34*s. What are the prime factors of s?
23, 149
Suppose 30*k - 25*k = 3120. List the prime factors of k.
2, 3, 13
Suppose 33*s = 41*s - 40416. List the prime factors of s.
2, 3, 421
Suppose -23 = -2*k + 6*k - 5*u, 3*k + 3*u = -24. Let h = k - -23. What are the prime factors of h?
2
Suppose 